What is the remainder when 3449892 is divided by 383316?
48
Calculate the remainder when 146028 is divided by 368.
300
What is the remainder when 128605 is divided by 128359?
246
Calculate the remainder when 6047 is divided by 32.
31
Calculate the remainder when 207 is divided by 196.
11
What is the remainder when 1441307 is divided by 22?
21
Calculate the remainder when 3710643 is divided by 15461.
3
Calculate the remainder when 7648206 is divided by 33.
27
Calculate the remainder when 150315360 is divided by 74120.
0
What is the remainder when 789731 is divided by 86?
79
Calculate the remainder when 4035 is divided by 160.
35
Calculate the remainder when 154566684 is divided by 10.
4
What is the remainder when 324006 is divided by 22121?
14312
What is the remainder when 2702211 is divided by 87?
78
Calculate the remainder when 28258 is divided by 1131.
1114
Calculate the remainder when 9509589 is divided by 6901.
11
What is the remainder when 16717 is divided by 16526?
191
What is the remainder when 901171 is divided by 3129?
19
What is the remainder when 795152 is divided by 43?
39
Calculate the remainder when 2267882 is divided by 717.
11
What is the remainder when 9526499 is divided by 676?
307
Calculate the remainder when 1150401 is divided by 383464.
9
What is the remainder when 4303055 is divided by 104952?
23
What is the remainder when 422722 is divided by 814?
256
Calculate the remainder when 265132 is divided by 4658.
4284
What is the remainder when 417179 is divided by 63?
56
What is the remainder when 276964 is divided by 46155?
34
Calculate the remainder when 16833821 is divided by 49804.
69
What is the remainder when 199914757 is divided by 99957378?
1
What is the remainder when 708101 is divided by 1639?
53
What is the remainder when 1550356 is divided by 20399?
32
Calculate the remainder when 14049234 is divided by 878076.
18
What is the remainder when 1620039 is divided by 846?
795
Calculate the remainder when 1968255 is divided by 165.
135
What is the remainder when 23668 is divided by 1929?
520
What is the remainder when 162603 is divided by 53911?
870
What is the remainder when 1572354 is divided by 154?
14
What is the remainder when 70809701 is divided by 28?
25
What is the remainder when 48205 is divided by 366?
259
What is the remainder when 31436 is divided by 31409?
27
Calculate the remainder when 1232190 is divided by 1232179.
11
Calculate the remainder when 26105 is divided by 3260.
25
Calculate the remainder when 3096895 is divided by 5990.
65
Calculate the remainder when 5084177 is divided by 28.
21
What is the remainder when 30763 is divided by 10109?
436
Calculate the remainder when 1826590 is divided by 202953.
13
Calculate the remainder when 1583238788 is divided by 106.
104
What is the remainder when 5630 is divided by 4485?
1145
Calculate the remainder when 11838516 is divided by 246.
12
What is the remainder when 6248 is divided by 3019?
210
What is the remainder when 72014655 is divided by 44841?
9
Calculate the remainder when 64056414 is divided by 7569.
7536
Calculate the remainder when 652868 is divided by 124.
8
Calculate the remainder when 5880330 is divided by 1176062.
20
Calculate the remainder when 2140551 is divided by 9819.
9
Calculate the remainder when 23667 is divided by 3718.
1359
Calculate the remainder when 14349277 is divided by 5786.
5783
What is the remainder when 8220 is divided by 4101?
18
Calculate the remainder when 90112 is divided by 88092.
2020
Calculate the remainder when 76887536 is divided by 20.
16
Calculate the remainder when 1962628 is divided by 20.
8
Calculate the remainder when 667293 is divided by 370.
183
What is the remainder when 268387391 is divided by 67?
64
Calculate the remainder when 205977 is divided by 2120.
337
What is the remainder when 322893 is divided by 340?
233
Calculate the remainder when 16226816 is divided by 338058.
32
Calculate the remainder when 1234749 is divided by 3401.
186
Calculate the remainder when 13360007 is divided by 15644.
31
What is the remainder when 2405379 is divided by 136?
83
Calculate the remainder when 6451979 is divided by 573.
572
Calculate the remainder when 15035143 is divided by 17183.
18
Calculate the remainder when 1302137 is divided by 9.
8
What is the remainder when 7751234 is divided by 3875606?
22
What is the remainder when 1317897 is divided by 439274?
75
Calculate the remainder when 12864 is divided by 10714.
2150
What is the remainder when 7752027 is divided by 65?
62
What is the remainder when 147734 is divided by 146511?
1223
Calculate the remainder when 132491 is divided by 572.
359
Calculate the remainder when 248602 is divided by 16350.
3352
What is the remainder when 127511102 is divided by 530?
522
Calculate the remainder when 11765 is divided by 488.
53
Calculate the remainder when 363235 is divided by 177350.
8535
What is the remainder when 502071148 is divided by 44?
40
What is the remainder when 1344127698 is divided by 212?
210
What is the remainder when 5188893 is divided by 324305?
13
What is the remainder when 38890 is divided by 38762?
128
Calculate the remainder when 1559850 is divided by 5632.
5418
What is the remainder when 412752 is divided by 58940?
172
What is the remainder when 86663 is divided by 9588?
371
What is the remainder when 733538 is divided by 244506?
20
Calculate the remainder when 389004 is divided by 685.
609
What is the remainder when 2938393 is divided by 91824?
25
Calculate the remainder when 77179522 is divided by 25726507.
1
Calculate the remainder when 774571 is divided by 1113.
1036
Calculate the remainder when 546364 is divided by 271911.
2542
What is the remainder when 28583 is divided by 5621?
478
Calculate the remainder when 3729293 is divided by 932322.
5
What is the remainder when 12221 is divided by 11295?
926
What is the remainder when 728772 is divided by 1756?
32
What is the remainder when 2757904 is divided by 1450?
4
Calculate the remainder when 515989 is divided by 85977.
127
What is the remainder when 52664918 is divided by 8?
6
Calculate the remainder when 407675 is divided by 212.
211
Calculate the remainder when 357707 is divided by 3174.
2219
Calculate the remainder when 1338770699 is divided by 436.
435
Calculate the remainder when 1425781 is divided by 284732.
2121
What is the remainder when 387103 is divided by 33?
13
Calculate the remainder when 357891 is divided by 2169.
6
What is the remainder when 1976951 is divided by 54915?
11
What is the remainder when 236656 is divided by 1367?
165
Calculate the remainder when 10953183 is divided by 2738262.
135
Calculate the remainder when 995103 is divided by 6411.
1398
Calculate the remainder when 133789388 is divided by 23.
21
Calculate the remainder when 41561 is divided by 10295.
381
Calculate the remainder when 18611510 is divided by 68174.
8
What is the remainder when 150868 is divided by 16729?
307
What is the remainder when 273491 is divided by 30387?
8
What is the remainder when 19912 is divided by 9932?
48
What is the remainder when 5567906 is divided by 465?
461
Calculate the remainder when 33360615 is divided by 16680299.
17
What is the remainder when 7138406 is divided by 23328?
38
What is the remainder when 637716 is divided by 154?
2
What is the remainder when 379085 is divided by 3156?
365
What is the remainder when 76999 is divided by 2291?
1396
What is the remainder when 526712 is divided by 87657?
770
Calculate the remainder when 7750418 is divided by 319.
313
What is the remainder when 28346790 is divided by 487?
468
Calculate the remainder when 1065145 is divided by 10.
5
What is the remainder when 5779424 is divided by 1047?
1031
Calculate the remainder when 616814 is divided by 1613.
648
Calculate the remainder when 16916588 is divided by 3.
2
Calculate the remainder when 1532364 is divided by 10.
4
What is the remainder when 101114734 is divided by 6?
4
Calculate the remainder when 26889649 is divided by 12648.
1
What is the remainder when 5628470 is divided by 2814228?
14
What is the remainder when 3943123 is divided by 858?
613
Calculate the remainder when 26601090 is divided by 3100.
3090
What is the remainder when 2282028 is divided by 87761?
242
Calculate the remainder when 